of 23443 and 119.
119
What is the highest common factor of 216 and 972?
108
What is the highest common factor of 640 and 40?
40
Calculate the greatest common factor of 8285 and 20.
5
Calculate the highest common divisor of 16 and 73.
1
What is the greatest common divisor of 2728 and 32?
8
What is the highest common divisor of 165 and 275?
55
Calculate the greatest common factor of 9159 and 142.
71
Calculate the greatest common divisor of 7552 and 590.
118
What is the highest common divisor of 66 and 54?
6
What is the highest common factor of 273 and 168?
21
Calculate the highest common factor of 37723 and 119.
119
Calculate the highest common factor of 72 and 810.
18
What is the greatest common divisor of 15 and 14490?
15
What is the greatest common divisor of 118 and 5782?
118
What is the highest common factor of 275 and 110?
55
What is the highest common factor of 21 and 3?
3
What is the highest common factor of 1582 and 14?
14
What is the greatest common factor of 2 and 2462?
2
What is the highest common divisor of 51 and 6171?
51
What is the highest common divisor of 33 and 13992?
33
Calculate the highest common divisor of 228 and 874.
38
Calculate the greatest common factor of 98 and 196.
98
Calculate the highest common factor of 1730 and 480.
10
What is the highest common divisor of 46 and 25139?
23
What is the greatest common factor of 15376 and 16?
16
Calculate the greatest common divisor of 5429 and 267.
89
Calculate the greatest common factor of 4 and 436.
4
Calculate the highest common divisor of 12 and 84.
12
Calculate the greatest common divisor of 396 and 814.
22
What is the highest common divisor of 2838 and 55?
11
Calculate the highest common factor of 35 and 56.
7
Calculate the greatest common factor of 83280 and 80.
80
What is the greatest common divisor of 95 and 38?
19
Calculate the greatest common divisor of 119 and 136.
17
What is the greatest common divisor of 64 and 124?
4
Calculate the greatest common divisor of 1 and 49.
1
What is the highest common factor of 54 and 66?
6
What is the highest common divisor of 185 and 259?
37
Calculate the highest common divisor of 56 and 49.
7
What is the greatest common divisor of 400 and 75?
25
What is the greatest common factor of 13572 and 351?
117
What is the highest common factor of 36 and 972?
36
What is the greatest common divisor of 4769 and 19?
19
What is the highest common divisor of 32589 and 918?
459
What is the greatest common factor of 346 and 3287?
173
Calculate the highest common factor of 1564 and 92.
92
What is the highest common factor of 441 and 243?
9
Calculate the highest common divisor of 396 and 6138.
198
Calculate the highest common factor of 414 and 33.
3
Calculate the greatest common divisor of 306 and 51.
51
Calculate the greatest common divisor of 5668 and 156.
52
What is the highest common factor of 40 and 5056?
8
Calculate the highest common divisor of 473 and 11.
11
What is the greatest common divisor of 474 and 6?
6
Calculate the greatest common factor of 5207 and 41.
41
What is the highest common divisor of 12 and 456?
12
What is the greatest common factor of 1827 and 1624?
203
Calculate the highest common factor of 2449 and 79.
79
Calculate the greatest common factor of 524 and 64.
4
What is the greatest common factor of 17 and 374?
17
What is the highest common divisor of 1 and 4?
1
What is the greatest common divisor of 23886 and 18?
18
What is the highest common factor of 756 and 28?
28
Calculate the greatest common factor of 126 and 54.
18
Calculate the greatest common divisor of 1472 and 20.
4
Calculate the highest common divisor of 93 and 93.
93
What is the greatest common factor of 24 and 39?
3
Calculate the highest common factor of 1104 and 8.
8
Calculate the greatest common divisor of 77 and 21.
7
Calculate the greatest common factor of 1 and 46.
1
What is the highest common factor of 140 and 60?
20
What is the highest common factor of 37 and 2?
1
Calculate the greatest common divisor of 1008 and 896.
112
Calculate the greatest common divisor of 507 and 9.
3
Calculate the greatest common factor of 5 and 45.
5
Calculate the greatest common factor of 242 and 22.
22
What is the highest common divisor of 52 and 13?
13
Calculate the greatest common divisor of 414 and 6.
6
What is the highest common divisor of 1460 and 40?
20
What is the highest common divisor of 68 and 4?
4
Calculate the greatest common factor of 460 and 180.
20
What is the greatest common divisor of 420 and 945?
105
Calculate the greatest common factor of 72 and 1136.
8
What is the greatest common divisor of 152 and 8?
8
Calculate the greatest common divisor of 12 and 50688.
12
Calculate the highest common factor of 9828 and 243.
27
Calculate the highest common factor of 627 and 57.
57
Calculate the highest common divisor of 2681 and 35.
7
What is the greatest common divisor of 48 and 1128?
24
Calculate the highest common divisor of 3350 and 150.
50
Calculate the greatest common divisor of 171 and 36.
9
Calculate the highest common factor of 60 and 5424.
12
Calculate the highest common factor of 504 and 4.
4
What is the highest common divisor of 46 and 368?
46
Calculate the greatest common factor of 48 and 8624.
16
Calculate the highest common divisor of 135 and 1110.
15
What is the greatest common divisor of 1544 and 8?
8
What is the highest common divisor of 798 and 228?
114
What is the greatest common factor of 2127 and 3?
3
What is the highest common factor of 80 and 208?
16
Calculate the highest common factor of 320 and 64.
64
What is the highest common divisor of 32 and 736?
32
Calculate the greatest common factor of 5103 and 378.
189
What is the greatest common factor of 244 and 21716?
244
Calculate the highest common factor of 119 and 35.
7
What is the highest common factor of 294 and 784?
98
Calculate the highest common factor of 21 and 159747.
21
What is the highest common factor of 10836 and 7?
7
What is the greatest common factor of 65 and 104?
13
What is the greatest common factor of 1 and 1?
1
Calculate the highest common factor of 34 and 4.
2
Calculate the greatest common factor of 1558 and 1216.
38
Calculate the greatest common divisor of 142 and 73982.
142
What is the greatest common factor of 408 and 10047?
51
Calculate the greatest common factor of 180 and 846.
18
Calculate the highest common factor of 104 and 136.
8
What is the greatest common factor of 1643 and 403?
31
What is the greatest common divisor of 132 and 1353?
33
What is the greatest common factor of 342 and 36?
18
What is the highest common factor of 49 and 35?
7
What is the greatest common divisor of 976 and 6466?
122
What is the greatest common divisor of 1 and 347?
1
What is the highest common factor of 840 and 168?
168
Calculate the greatest common divisor of 27 and 2403.
27
Calculate the highest common divisor of 763 and 56.
7
Calculate the greatest common divisor of 8584 and 111.
37
What is the greatest common factor of 216 and 189?
27
Calculate the greatest common divisor of 3080 and 40.
40
Calculate the greatest common divisor of 58 and 377.
29
Calculate the highest common factor of 9576 and 72.
72
Calculate the highest common factor of 153 and 17.
17
Calculate the highest common factor of 1568 and 672.
224
Calculate the greatest common divisor of 1587 and 253.
23
Calculate the highest common factor of 70 and 30.
10
Calculate the highest common factor of 2529 and 144.
9
What is the greatest common factor of 1378 and 78?
26
Calculate the highest common divisor of 43 and 473.
43
What is the highest common factor of 4142 and 38?
38
What is the highest common factor of 845 and 13?
13
Calculate the highest common divisor of 9650 and 200.
50
Calculate the greatest common divisor of 25 and 275.
25
Calculate the highest common divisor of 11 and 2519.
11
Calculate the greatest common divisor of 596 and 1043.
149
What is the highest common factor of 25 and 1475?
25
Calculate the highest common factor of 77 and 23639.
77
What is the highest common divisor of 21 and 13909?
7
What is the greatest common factor of 18355 and 5?
5
What is the highest common divisor of 33 and 649?
11
Calculate the greatest common factor of 13 and 4.
1
Calculate the highest common divisor of 39248 and 22.
22
Calculat